
3, 5, 17, 53
List the prime factors of 11681/3 + 4/(-17 + 29).
2, 3, 11, 59
Let n(q) = 3*q**2 + q - 1. Let l = 129 - 51. Let p be (l/65)/(2 - 18/10). What are the prime factors of n(p)?
113
Let u be 25795/(-20) - ((-27)/(-12))/(-3). Let f = -896 - u. What are the prime factors of f?
3, 131
Suppose 0 = 3*s + 2*s - 15. Let b(m) = 54*m + 182. Let h be b(7). Suppose s*i - 281 = -c + 55, 5*i - h = -4*c. List the prime factors of i.
2, 7
Suppose -4*q - 2*h + 9274 = 3*h, -2313 = -q - 4*h. Let k = q + -1479. List the prime factors of k.
2, 421
Let u be 3/12*0/17. Suppose u = v - 50 - 375. What are the prime factors of v?
5, 17
Let x(a) = 6542*a + 1952. What are the prime factors of x(7)?
2, 23873
Let j(x) = -3*x**2 - 24*x - 13. Let n be j(-7). Let d(i) = 13*i + 20. What are the prime factors of d(n)?
2, 31
Let j be (49 - 19)*8/(-10). What are the prime factors of -4 + (-3)/(-2)*(-1984)/j?
2, 3, 5
Let y(u) = -1475*u + 9079. What are the prime factors of y(-35)?
2, 7, 271
Suppose 4*n - 28 = 0, -5*n = 2*s + 12989 - 39336. List the prime factors of s.
2, 11, 13, 23
Suppose 156 = -4*q - 100. Let x = q + 116. Suppose -o + 57 = -h - 0*h, o - 2*h = x. What are the prime factors of o?
2, 31
Let r(v) be the first derivative of 21*v**2/2 - 23*v + 14. Suppose -185*n = -182*n - 45. What are the prime factors of r(n)?
2, 73
Let z(p) = -6566*p**3 - 6*p - 7. What are the prime factors of z(-1)?
5, 13, 101
Suppose v + 60 = f + 8025, 2*v = -2*f + 15950. List the prime factors of v.
2, 5, 797
Let n = -19 + 21. Suppose -n*i - x + 334 = i, -2*i + 5*x = -251. What are the prime factors of i?
113
Let o(d) = d**2 - 2*d - 25. Let j(l) be the first derivative of -l**4/4 + 3*l**3 - 7*l**2/2 - 19*l + 4. Let g be j(8). What are the prime factors of o(g)?
2, 59
Suppose 0 = -0*y + 2*y - j - 65472, -3*j + 163636 = 5*y. List the prime factors of y.
2, 7, 167
Suppose -80*v - 51*v + 990548 + 480320 = 0. What are the prime factors of v?
2, 7, 401
Let z(m) = 39*m**2 - 36*m + 176. List the prime factors of z(9).
3011
Let x(t) = 36*t**2 - t**3 + 39 + 26 - 19 - 23*t. What are the prime factors of x(35)?
2, 233
Suppose -85*u + 88*u = 23595. Suppose -17*s + 4*s = -u. What are the prime factors of s?
5, 11
What are the prime factors of 220532/22 - 314/1727?
2, 7, 179
Suppose -187*b + 1243518 = -1966524. What are the prime factors of b?
2, 3, 2861
Let m = 67149 + -36940. What are the prime factors of m?
17, 1777
Let f be 3/(-5) + 2908/(-20). Let l = f - -525. What are the prime factors of l?
379
Suppose -15*u + 17*u = 2*v + 1616, -4*u + 3*v + 3229 = 0. Suppose -19*k + u + 69 = 0. What are the prime factors of k?
2, 23
Let b be 21/(-35)*(3 - 4 - 634). Suppose 4*x - 8 = 0, -242 = -3*k - x + 153. Let w = b - k. List the prime factors of w.
2, 5
Let n = 14320 - 4723. List the prime factors of n.
3, 7, 457
Suppose 15*d - 11*d - 2220 = 0. Suppose d = 7*p - 166. Let x = p - 51. What are the prime factors of x?
2, 13
Let y(k) = 92*k**2 - 8*k + 10. Let c be y(2). Let s = c + -252. What are the prime factors of s?
2, 5, 11
Let r be (-3 - 4) + 7 - 436. Let m = r - -713. What are the prime factors of m?
277
Suppose -g + 8216 = -4*s, -76*g = -81*g - 3*s + 41149. List the prime factors of g.
2, 11, 17
Let o = -3 + 5. Let i = 3807 + -3744. Suppose o*k - 2 = f - 17, 5*f - i = -2*k. What are the prime factors of f?
13
Let i = 5821 - 1790. What are the prime factors of i?
29, 139
Suppose -66 = -21*z + 19*z. Suppose 0 = 41*k - z*k - 4664. What are the prime factors of k?
11, 53
Let t(a) = 9*a - 15. Let f be -2*(1 - 2) + 11. Suppose 4*b + w + f - 36 = 0, -5*w + 13 = 3*b. List the prime factors of t(b).
3, 13
Suppose 72*i - 77392 = 58*i. What are the prime factors of i?
2, 691
Suppose 4*u + 17 - 1 = 0. Let f be (-6 - -1)/(-5) + 3 + u. What are the prime factors of (35 - 1) + 4 + f?
2, 19
Suppose 3*s - 9 = 3. Suppose 2*v - 4*v - s = -2*a, 6 = -a + 5*v. Suppose 2*m - 3*w - 16 = 0, -a*w = 2*m - 2 + 14. What are the prime factors of m?
2
Let d(m) = -9*m**3 + 5*m - 2*m**2 - m**2 + 5*m**3 - 2. Let u be 272/102*(-3)/2. List the prime factors of d(u).
2, 3, 31
Let c = -54 + 52. Let g(n) = 10*n + 44. List the prime factors of g(c).
2, 3
Let y(o) = 212*o**2 - 56*o + 170. What are the prime factors of y(-12)?
2, 5, 3137
Suppose 5*p - 4*u - 3361 = 1874, p = -3*u + 1047. Let c = p + 759. What are the prime factors of c?
2, 3, 7, 43
Let h(r) = -24 + 9 + 0*r**3 - r**3 - 20*r**2 + 34*r + 45. List the prime factors of h(-22).
2, 5
Let h(u) = 6197*u + 1918. What are the prime factors of h(5)?
13, 2531
Let c(q) = 3*q**3 + 25*q**2 - 20*q - 42. Let z(d) = d**3 + d**2 - d - 1. Let k(n) = c(n) - 2*z(n). What are the prime factors of k(-8)?
2, 7, 19
Suppose -268117 - 14617 = -39*j + 258937. List the prime factors of j.
17, 19, 43
Let h = -4945 + 12705. List the prime factors of h.
2, 5, 97
Suppose 166100 + 60859 = 93*k - 34929. What are the prime factors of k?
2, 11
Let s(c) be the second derivative of -c**5/20 - c**4/2 + 5*c**3/3 - 59*c**2/2 - 192*c. List the prime factors of s(-11).
2, 109
Let d = 16776 - -17990. List the prime factors of d.
2, 17383
Let j(t) = 5*t - 4. Let r be j(10). Let q = 62 - r. Suppose -q*k = -18*k + 120. What are the prime factors of k?
2, 3, 5
Suppose -1849*r = -1832*r - 4335. Let s be 4/5*(6 + -1). Suppose u + r = s*u. What are the prime factors of u?
5, 17
Let w(m) be the first derivative of 2*m**3/3 + 6*m**2 + 12*m + 18. What are the prime factors of w(7)?
2, 97
Let p be ((-11)/(-4) - 2) + 39/12. Suppose -d + 5*k - p*k = -29, 5*d - 118 = -4*k. Let w = d - 3. What are the prime factors of w?
23
Let y = 73 + -67. Suppose -74 = 2*t - y. Let k = 53 + t. List the prime factors of k.
19
Let j(w) = w**3 + 4*w**2 - 7*w - 5. Let m be j(-5). Let b be 27/m - 2/5. Suppose 3*z + 15 - 132 = -b*x, -5*x = -z + 59. What are the prime factors of z?
2, 11
Suppose m + 5*k + 30 = 6*m, -5*m = -k - 22. Suppose -5*s + 2745 = -2*c, -m*s = 2*c + c - 2173. List the prime factors of s.
547
Let c(n) = 6*n**3 - 50*n**2 + 89*n + 24. What are the prime factors of c(22)?
2, 3, 5, 463
Let y = -70 + 72. Suppose -255 = -y*t - 63. List the prime factors of t.
2, 3
Let t be (-1)/(-2) - 210/(-4). Suppose 344 = -7*s + 414. Let c = t - s. What are the prime factors of c?
43
Let v(n) = 53*n**3 - 20*n**2 + 22*n - 58. List the prime factors of v(6).
2, 11, 491
Suppose -3*t + 108 = 558. Let m = t - -504. List the prime factors of m.
2, 3, 59
Let u = -4940 + 11826. What are the prime factors of u?
2, 11, 313
Let i(j) = -j**2 + 3*j + 12. Let b be i(5). Suppose -4 = -b*n - 0. Suppose 2*p + 106 = 7*m - 4*m, n*p = 4*m - 140. List the prime factors of m.
2, 17
Suppose 6*a - 13 = -1. Suppose -4*h + 4 = -4*c + 16, a*h + 1 = c. Suppose -2*r - h*r = -164. List the prime factors of r.
41
Let b = 53 - -301. Let v = -202 + b. List the prime factors of v.
2, 19
Suppose 0 = -i - 2*x + 17, 3*x - 4*x + 61 = 4*i. Suppose 0 = -i*j + 1440 + 7410. What are the prime factors of j?
2, 5, 59
Suppose 4*o - 5*i - 40087 = 0, -10*i + 25 = -5*i. List the prime factors of o.
2, 23, 109
Let b = 29 - 29. Suppose b = 2*h - 0 + 4. List the prime factors of (5/10)/(h/(-244)).
61
List the prime factors of 61087/9 - 104/234.
11, 617
List the prime factors of -34975*((1*4)/(-1) + (-162 - -165)).
5, 1399
Let h be (-240)/(-42) - (-4)/14. Suppose 8*p - h*p - 30 = 0. Let b = p - -13. What are the prime factors of b?
2, 7
What are the prime factors of (-23814)/(-20) + -3*4/(-40)?
3, 397
Suppose 34*j - 70*j = -35*j - 13607. What are the prime factors of j?
11, 1237
Let u(r) = -r + 15. Let a be u(13). Suppose a*z + z - 149 = 5*n, 206 = 4*z - 3*n. Suppose -3*s = -s - o - z, -2*o - 19 = -s. What are the prime factors of s?
29
Let x(j) = 6*j**3 + 3*j**2 - 2*j - 3. Let v(g) = -g**2 + 5*g - 2. Let a be v(3). Suppose -6 - 2 = -a*w. List the prime factors of x(w).
53
Suppose 26*j - 12075 = 3*j. Suppose i - 3*u - 662 = 0, -113 = -i - 5*u + j. What are the prime factors of i?
653
Let a(y) = 9177*y - 9254. What are the prime factors of a(6)?
2, 7, 409
Let i be 1293448/48 + 5 - (-3)/18. Suppose -12*y - 10068 = -i. List the prime factors of y.
3, 7, 67
Let n be (4/18)/1 - (-2380)/630. Suppose 9*v + 4*l = 12*v - 1792, -2381 = -n*v - 3*l. List the prime factors of v.
2, 149
List the prime factors of 1614